{"id":2730,"date":"2017-10-23T15:57:33","date_gmt":"2017-10-23T15:57:33","guid":{"rendered":"http:\/\/themes.webdevia.com\/printing-printshop-wordpress-theme\/?page_id=2730"},"modified":"2022-05-26T06:50:56","modified_gmt":"2022-05-26T06:50:56","slug":"services","status":"publish","type":"page","link":"https:\/\/nexuspublicidade.pt\/index.php\/services\/","title":{"rendered":"Servi\u00e7os"},"content":{"rendered":"<div class=\"vc_row wpb_row vc_row-fluid vc_custom_1509557626027\"><div class=\"wpb_column vc_column_container vc_col-sm-12\" data-equalizer-watch><div class=\"wpb_wrapper\"><div class=\"vc_row wpb_row vc_inner vc_row-fluid\"><div class=\"wpb_column vc_column_container vc_col-sm-3\" data-equalizer-watch><div class=\"wpb_wrapper\"><\/div><\/div><div class=\"wpb_column vc_column_container vc_col-sm-6\" data-equalizer-watch><div class=\"wpb_wrapper\">\t\t<div class=\"wd-heading   text-center\" >\r\t\t\t\r      \r      <h2 style=\"margin:0;font-size:35px;color:#000000;\" >\r\t\t\t\t\tServi\u00e7os\t\t\t\t<\/h2>\r\r              <hr style='border-color: #49d0e5; margin: 20px 0;'\/>\r      \r      \r    \t\t<\/div>\r\r\t\t\r\r\r\r\r<div class=\"revaldak_empty_space\" data-heightmobile=\"15\" data-heighttablet=\"15\" data-heightdesktop=\"15\">\r\r\r\r<\/div>\r\r      \r\r\r\r\r\r\r\r        \r\r      \r\r    <\/div><\/div><div class=\"wpb_column vc_column_container vc_col-sm-3\" data-equalizer-watch><div class=\"wpb_wrapper\"><\/div><\/div><\/div><\/div><\/div><\/div><div class=\"vc_row wpb_row vc_row-fluid vc_column-gap-25\"><div class=\"wpb_column vc_column_container vc_col-sm-4\" data-equalizer-watch><div class=\"wpb_wrapper\">\r    \r\r    <div class=\"boxes small layout-4 clearfix \">\r\r      <div class=\"box-container clearfix\">\r\r\r\r        \r          \r          <div class=\"box-icon\">\r\r          \r            \r            <img loading=\"lazy\" decoding=\"async\" width=\"650\" height=\"350\" src=\"https:\/\/nexuspublicidade.pt\/wp-content\/uploads\/2022\/05\/BRINDES.jpg\" class=\"attachment-revaldak_650x350\" alt=\"\" title=\"BRINDES\" srcset=\"https:\/\/nexuspublicidade.pt\/wp-content\/uploads\/2022\/05\/BRINDES.jpg 650w, https:\/\/nexuspublicidade.pt\/wp-content\/uploads\/2022\/05\/BRINDES-300x162.jpg 300w\" sizes=\"auto, (max-width: 650px) 100vw, 650px\" \/>\r          <\/div>\r\r          \r        \r        \r          <h3 class=\"box-title-4\">Brindes & Texteis<\/h3>\r\r        \r        <p class=\"box-body\">As t\u00e9cnicas de personaliza\u00e7\u00e3o est\u00e3o em constante evolu\u00e7\u00e3o, garantindo assim melhores pre\u00e7os, maior rapidez e mais possibilidades de aplicar a sua marca ou servi\u00e7o.<\/p>\r\r        \r      <\/div>    \r\r    <\/div>      \r\r      \r\r    <\/div><\/div><div class=\"wpb_column vc_column_container vc_col-sm-4\" data-equalizer-watch><div class=\"wpb_wrapper\">\r    \r\r    <div class=\"boxes small layout-4 clearfix \">\r\r      <div class=\"box-container clearfix\">\r\r\r\r        \r          \r          <div class=\"box-icon\">\r\r          \r            \r            <img loading=\"lazy\" decoding=\"async\" width=\"650\" height=\"350\" src=\"https:\/\/nexuspublicidade.pt\/wp-content\/uploads\/2022\/05\/IMPRESSAO-DIGITAL.jpg\" class=\"attachment-revaldak_650x350\" alt=\"\" title=\"IMPRESS\u00c3O DIGITAL\" srcset=\"https:\/\/nexuspublicidade.pt\/wp-content\/uploads\/2022\/05\/IMPRESSAO-DIGITAL.jpg 650w, https:\/\/nexuspublicidade.pt\/wp-content\/uploads\/2022\/05\/IMPRESSAO-DIGITAL-300x162.jpg 300w\" sizes=\"auto, (max-width: 650px) 100vw, 650px\" \/>\r          <\/div>\r\r          \r        \r        \r          <h3 class=\"box-title-4\">Impress\u00e3o Digital<\/h3>\r\r        \r        <p class=\"box-body\">A Impress\u00e3o Digital \u00e9 uma t\u00e9cnica direta. Isto significa que a transfer\u00eancia dos dados \u00e9 feita de forma autom\u00e1tica atrav\u00e9s do computador, sem que seja necess\u00e1ria a cria\u00e7\u00e3o de matrizes. \u00c9 isto que torna a Impress\u00e3o Digital mais r\u00e1pida do que a Impress\u00e3o Offset.<\/p>\r\r        \r      <\/div>    \r\r    <\/div>      \r\r      \r\r    <\/div><\/div><div class=\"wpb_column vc_column_container vc_col-sm-4\" data-equalizer-watch><div class=\"wpb_wrapper\">\r    \r\r    <div class=\"boxes small layout-4 clearfix \">\r\r      <div class=\"box-container clearfix\">\r\r\r\r        \r          \r          <div class=\"box-icon\">\r\r          \r            \r            <img loading=\"lazy\" decoding=\"async\" width=\"650\" height=\"350\" src=\"https:\/\/nexuspublicidade.pt\/wp-content\/uploads\/2022\/05\/RECLAMO-LUMINOSO.png\" class=\"attachment-revaldak_650x350\" alt=\"\" title=\"RECLAMO LUMINOSO\" srcset=\"https:\/\/nexuspublicidade.pt\/wp-content\/uploads\/2022\/05\/RECLAMO-LUMINOSO.png 650w, https:\/\/nexuspublicidade.pt\/wp-content\/uploads\/2022\/05\/RECLAMO-LUMINOSO-300x162.png 300w\" sizes=\"auto, (max-width: 650px) 100vw, 650px\" \/>\r          <\/div>\r\r          \r        \r        \r          <h3 class=\"box-title-4\">Reclamos Luminosos<\/h3>\r\r        \r        <p class=\"box-body\">Estes reclamos t\u00eam um maior impacto visual. Sobretudo \u00e0 noite ou em zonas de pouca luz, destacam-se por emitirem luz pr\u00f3pria.<\/p>\r\r        \r      <\/div>    \r\r    <\/div>      \r\r      \r\r    <\/div><\/div><\/div><div class=\"vc_row wpb_row vc_row-fluid vc_column-gap-25\"><div class=\"wpb_column vc_column_container vc_col-sm-4\" data-equalizer-watch><div class=\"wpb_wrapper\">\r    \r\r    <div class=\"boxes small layout-4 clearfix \">\r\r      <div class=\"box-container clearfix\">\r\r\r\r        \r          \r          <div class=\"box-icon\">\r\r          \r            \r            <img loading=\"lazy\" decoding=\"async\" width=\"650\" height=\"350\" src=\"https:\/\/nexuspublicidade.pt\/wp-content\/uploads\/2022\/05\/LETRAS-MONOBLOCO.jpg\" class=\"attachment-revaldak_650x350\" alt=\"\" title=\"LETRAS MONOBLOCO\" srcset=\"https:\/\/nexuspublicidade.pt\/wp-content\/uploads\/2022\/05\/LETRAS-MONOBLOCO.jpg 650w, https:\/\/nexuspublicidade.pt\/wp-content\/uploads\/2022\/05\/LETRAS-MONOBLOCO-300x162.jpg 300w\" sizes=\"auto, (max-width: 650px) 100vw, 650px\" \/>\r          <\/div>\r\r          \r        \r        \r          <h3 class=\"box-title-4\">Reclamos n\u00e3o luminosos<\/h3>\r\r        \r        <p class=\"box-body\">podem ter uma grande diversidade de formas e dimens\u00f5es. Pelo facto de n\u00e3o serem projetados para ter luz interior, podem ser constru\u00eddos de forma diferente dos luminosos, sendo poss\u00edvel a sua constru\u00e7\u00e3o estrutural com um pre\u00e7o mais econ\u00f3mico. Os reclamos n\u00e3o luminosos, podem ser iluminados por meios externos.<\/p>\r\r        \r      <\/div>    \r\r    <\/div>      \r\r      \r\r    <\/div><\/div><div class=\"wpb_column vc_column_container vc_col-sm-4\" data-equalizer-watch><div class=\"wpb_wrapper\">\r    \r\r    <div class=\"boxes small layout-4 clearfix \">\r\r      <div class=\"box-container clearfix\">\r\r\r\r        \r          \r          <div class=\"box-icon\">\r\r          \r            \r            <img loading=\"lazy\" decoding=\"async\" width=\"650\" height=\"350\" src=\"https:\/\/nexuspublicidade.pt\/wp-content\/uploads\/2022\/05\/VIATURAS.jpg\" class=\"attachment-revaldak_650x350\" alt=\"\" title=\"VIATURAS\" srcset=\"https:\/\/nexuspublicidade.pt\/wp-content\/uploads\/2022\/05\/VIATURAS.jpg 650w, https:\/\/nexuspublicidade.pt\/wp-content\/uploads\/2022\/05\/VIATURAS-300x162.jpg 300w\" sizes=\"auto, (max-width: 650px) 100vw, 650px\" \/>\r          <\/div>\r\r          \r        \r        \r          <h3 class=\"box-title-4\">Decora\u00e7\u00e3o de Viaturas<\/h3>\r\r        \r        <p class=\"box-body\">Com a utiliza\u00e7\u00e3o de vinil de impress\u00e3o ou de corte de gama alta, com elevada prote\u00e7\u00e3o UV, garantimos acabamentos de alta qualidade e durabilidade.<\/p>\r\r        \r      <\/div>    \r\r    <\/div>      \r\r      \r\r    <\/div><\/div><div class=\"wpb_column vc_column_container vc_col-sm-4\" data-equalizer-watch><div class=\"wpb_wrapper\">\r    \r\r    <div class=\"boxes small layout-4 clearfix \">\r\r      <div class=\"box-container clearfix\">\r\r\r\r        \r          \r          <div class=\"box-icon\">\r\r          \r            \r            <img loading=\"lazy\" decoding=\"async\" width=\"650\" height=\"350\" src=\"https:\/\/nexuspublicidade.pt\/wp-content\/uploads\/2022\/05\/DECORACAO-INTERIOR.jpg\" class=\"attachment-revaldak_650x350\" alt=\"\" title=\"DECORA\u00c7\u00c3O INTERIOR\" srcset=\"https:\/\/nexuspublicidade.pt\/wp-content\/uploads\/2022\/05\/DECORACAO-INTERIOR.jpg 650w, https:\/\/nexuspublicidade.pt\/wp-content\/uploads\/2022\/05\/DECORACAO-INTERIOR-300x162.jpg 300w\" sizes=\"auto, (max-width: 650px) 100vw, 650px\" \/>\r          <\/div>\r\r          \r        \r        \r          <h3 class=\"box-title-4\">Decora\u00e7\u00e3o Interior<\/h3>\r\r        \r        <p class=\"box-body\">Cria\u00e7\u00e3o de imagem e aplica\u00e7\u00e3o de v\u00e1rios tipos de vinil em montras, exterior e interior, de estabelecimentos comerciais.<\/p>\r\r        \r      <\/div>    \r\r    <\/div>      \r\r      \r\r    <\/div><\/div><\/div><div class=\"vc_row wpb_row vc_row-fluid vc_column-gap-25\"><div class=\"wpb_column vc_column_container vc_col-sm-4\" data-equalizer-watch><div class=\"wpb_wrapper\">\r    \r\r    <div class=\"boxes small layout-4 clearfix \">\r\r      <div class=\"box-container clearfix\">\r\r\r\r        \r          \r          <div class=\"box-icon\">\r\r          \r            \r            <img loading=\"lazy\" decoding=\"async\" width=\"650\" height=\"350\" src=\"https:\/\/nexuspublicidade.pt\/wp-content\/uploads\/2022\/05\/DECORACAO-EXTERIOR.jpg\" class=\"attachment-revaldak_650x350\" alt=\"\" title=\"DECORA\u00c7\u00c3O EXTERIOR\" srcset=\"https:\/\/nexuspublicidade.pt\/wp-content\/uploads\/2022\/05\/DECORACAO-EXTERIOR.jpg 650w, https:\/\/nexuspublicidade.pt\/wp-content\/uploads\/2022\/05\/DECORACAO-EXTERIOR-300x162.jpg 300w\" sizes=\"auto, (max-width: 650px) 100vw, 650px\" \/>\r          <\/div>\r\r          \r        \r        \r          <h3 class=\"box-title-4\">Decora\u00e7\u00e3o Exterior<\/h3>\r\r        \r        <p class=\"box-body\">Os vidros de uma montra ou espa\u00e7o comercial podem transmitir confian\u00e7a e profissionalismo ao serem personalizados profissionalmente com detalhes da sua marca.<\/p>\r\r        \r      <\/div>    \r\r    <\/div>      \r\r      \r\r    <\/div><\/div><div class=\"wpb_column vc_column_container vc_col-sm-4\" data-equalizer-watch><div class=\"wpb_wrapper\">\r    \r\r    <div class=\"boxes small layout-4 clearfix \">\r\r      <div class=\"box-container clearfix\">\r\r\r\r        \r          \r          <div class=\"box-icon\">\r\r          \r            \r            <img loading=\"lazy\" decoding=\"async\" width=\"650\" height=\"350\" src=\"https:\/\/nexuspublicidade.pt\/wp-content\/uploads\/2022\/05\/IMPRESSAO-3D.jpg\" class=\"attachment-revaldak_650x350\" alt=\"\" title=\"IMPRESS\u00c3O 3D\" srcset=\"https:\/\/nexuspublicidade.pt\/wp-content\/uploads\/2022\/05\/IMPRESSAO-3D.jpg 650w, https:\/\/nexuspublicidade.pt\/wp-content\/uploads\/2022\/05\/IMPRESSAO-3D-300x162.jpg 300w\" sizes=\"auto, (max-width: 650px) 100vw, 650px\" \/>\r          <\/div>\r\r          \r        \r        \r          <h3 class=\"box-title-4\">Impress\u00e3o 3D<\/h3>\r\r        \r        <p class=\"box-body\">Uma tecnologia inovadora e que permite criar um objeto f\u00edsico com rapidez e precis\u00e3o a partir de um modelo digital no computador.<\/p>\r\r        \r      <\/div>    \r\r    <\/div>      \r\r      \r\r    <\/div><\/div><div class=\"wpb_column vc_column_container vc_col-sm-4\" data-equalizer-watch><div class=\"wpb_wrapper\">\r    \r\r    <div class=\"boxes small layout-4 clearfix \">\r\r      <div class=\"box-container clearfix\">\r\r\r\r        \r          \r          <div class=\"box-icon\">\r\r          \r            \r            <img loading=\"lazy\" decoding=\"async\" width=\"650\" height=\"350\" src=\"https:\/\/nexuspublicidade.pt\/wp-content\/uploads\/2022\/05\/DESIGN.jpg\" class=\"attachment-revaldak_650x350\" alt=\"\" title=\"DESIGN\" srcset=\"https:\/\/nexuspublicidade.pt\/wp-content\/uploads\/2022\/05\/DESIGN.jpg 650w, https:\/\/nexuspublicidade.pt\/wp-content\/uploads\/2022\/05\/DESIGN-300x162.jpg 300w\" sizes=\"auto, (max-width: 650px) 100vw, 650px\" \/>\r          <\/div>\r\r          \r        \r        \r          <h3 class=\"box-title-4\">Design Gr\u00e1fico<\/h3>\r\r        \r        <p class=\"box-body\">Desenvolvemos solu\u00e7\u00f5es criativas e inovadoras adaptadas \u00e0s necessidades dos clientes<\/p>\r\r        \r      <\/div>    \r\r    <\/div>      \r\r      \r\r    <\/div><\/div><\/div><div data-vc-full-width=\"true\" data-vc-full-width-init=\"false\" class=\"vc_row wpb_row vc_row-fluid vc_custom_1653497476317 vc_row-has-fill\"><div class=\"wpb_column vc_column_container vc_col-sm-4\" data-equalizer-watch><div class=\"wpb_wrapper\">\t\t<div class=\"wd-heading   text-left\" >\r\t\t\t\r      \r      <h2 style=\"margin:0;font-size:40px;color:#ffffff;\" >\r\t\t\t\t\tEstamos em contacto\t\t\t\t<\/h2>\r\r              <hr style='border-color: #49d0e5; margin: 20px 0;'\/>\r              <p style=\"font-size:16px;color:#ffffff;line-height:30px;\" >\r\t\t\t\t\tPe\u00e7a-nos a sua cota\u00e7\u00e3o, respondemos com a m\u00e1xima brevidade.\t\t\t\t<\/p>\r      \r      \r    \t\t<\/div>\r\r\t\t<\/div><\/div><div class=\"wpb_column vc_column_container vc_col-sm-8\" data-equalizer-watch><div class=\"wpb_wrapper\">\n<div class=\"wpcf7 no-js\" id=\"wpcf7-f4-o1\" lang=\"en-US\" dir=\"ltr\">\n<div class=\"screen-reader-response\"><p role=\"status\" aria-live=\"polite\" aria-atomic=\"true\"><\/p> <ul><\/ul><\/div>\n<form action=\"\/index.php\/wp-json\/wp\/v2\/pages\/2730#wpcf7-f4-o1\" method=\"post\" class=\"wpcf7-form init\" aria-label=\"Contact form\" novalidate=\"novalidate\" data-status=\"init\">\n<div style=\"display: none;\">\n<input type=\"hidden\" name=\"_wpcf7\" value=\"4\" \/>\n<input type=\"hidden\" name=\"_wpcf7_version\" value=\"5.8\" \/>\n<input type=\"hidden\" name=\"_wpcf7_locale\" value=\"en_US\" \/>\n<input type=\"hidden\" name=\"_wpcf7_unit_tag\" value=\"wpcf7-f4-o1\" \/>\n<input type=\"hidden\" name=\"_wpcf7_container_post\" value=\"0\" \/>\n<input type=\"hidden\" name=\"_wpcf7_posted_data_hash\" value=\"\" \/>\n<input type=\"hidden\" name=\"_wpcf7_recaptcha_response\" value=\"\" \/>\n<\/div>\n<div class=\"row\">\n\t<div class=\"large-6 columns\">\n\t\t<p><span class=\"wpcf7-form-control-wrap\" data-name=\"text-220\"><input size=\"40\" class=\"wpcf7-form-control wpcf7-text wpcf7-validates-as-required\" aria-required=\"true\" aria-invalid=\"false\" placeholder=\"Assunto\" value=\"\" type=\"text\" name=\"text-220\" \/><\/span>\n\t\t<\/p>\n\t<\/div>\n\t<div class=\"large-6 columns\">\n\t\t<p><span class=\"wpcf7-form-control-wrap\" data-name=\"text-767\"><input size=\"40\" class=\"wpcf7-form-control wpcf7-text wpcf7-validates-as-required\" aria-required=\"true\" aria-invalid=\"false\" placeholder=\"Nome\" value=\"\" type=\"text\" name=\"text-767\" \/><\/span>\n\t\t<\/p>\n\t<\/div>\n\t<div class=\"large-6 columns\">\n\t\t<p><span class=\"wpcf7-form-control-wrap\" data-name=\"telefone\"><input class=\"wpcf7-form-control wpcf7-number wpcf7-validates-as-number\" aria-invalid=\"false\" placeholder=\"Telefone\" value=\"\" type=\"number\" name=\"telefone\" \/><\/span>\n\t\t<\/p>\n\t<\/div>\n\t<div class=\"large-6 columns\">\n\t\t<p><span class=\"wpcf7-form-control-wrap\" data-name=\"text-767\"><input size=\"40\" class=\"wpcf7-form-control wpcf7-text wpcf7-validates-as-required\" aria-required=\"true\" aria-invalid=\"false\" placeholder=\"Your email\" value=\"\" type=\"text\" name=\"text-767\" \/><\/span>\n\t\t<\/p>\n\t<\/div>\n\t<div class=\"large-12 columns\">\n\t\t<p><button type=\"submit\" class=\"contact-form-btn\">Enviar<\/button>\n\t\t<\/p>\n\t<\/div>\n<\/div><p style=\"display: none !important;\"><label>\u0394<textarea name=\"_wpcf7_ak_hp_textarea\" cols=\"45\" rows=\"8\" maxlength=\"100\"><\/textarea><\/label><input type=\"hidden\" id=\"ak_js_1\" name=\"_wpcf7_ak_js\" value=\"221\"\/><script>document.getElementById( \"ak_js_1\" ).setAttribute( \"value\", ( new Date() ).getTime() );<\/script><\/p><div class=\"wpcf7-response-output\" aria-hidden=\"true\"><\/div>\n<\/form>\n<\/div>\n<\/div><\/div><\/div><div class=\"vc_row-full-width vc_clearfix\"><\/div>\n","protected":false},"excerpt":{"rendered":"Servi\u00e7os Brindes & Texteis As t\u00e9cnicas de personaliza\u00e7\u00e3o est\u00e3o em constante evolu\u00e7\u00e3o, garantindo assim melhores pre\u00e7os, maior rapidez e mais possibilidades de aplicar a sua marca ou servi\u00e7o. Impress\u00e3o Digital A Impress\u00e3o Digital \u00e9 uma t\u00e9cnica direta. Isto significa que a transfer\u00eancia dos dados \u00e9 feita de forma autom\u00e1tica atrav\u00e9s do computador, sem que seja [...]","protected":false},"author":1,"featured_media":0,"parent":0,"menu_order":0,"comment_status":"closed","ping_status":"closed","template":"","meta":{"footnotes":""},"class_list":["post-2730","page","type-page","status-publish","hentry"],"_links":{"self":[{"href":"https:\/\/nexuspublicidade.pt\/index.php\/wp-json\/wp\/v2\/pages\/2730","targetHints":{"allow":["GET"]}}],"collection":[{"href":"https:\/\/nexuspublicidade.pt\/index.php\/wp-json\/wp\/v2\/pages"}],"about":[{"href":"https:\/\/nexuspublicidade.pt\/index.php\/wp-json\/wp\/v2\/types\/page"}],"author":[{"embeddable":true,"href":"https:\/\/nexuspublicidade.pt\/index.php\/wp-json\/wp\/v2\/users\/1"}],"replies":[{"embeddable":true,"href":"https:\/\/nexuspublicidade.pt\/index.php\/wp-json\/wp\/v2\/comments?post=2730"}],"version-history":[{"count":12,"href":"https:\/\/nexuspublicidade.pt\/index.php\/wp-json\/wp\/v2\/pages\/2730\/revisions"}],"predecessor-version":[{"id":3401,"href":"https:\/\/nexuspublicidade.pt\/index.php\/wp-json\/wp\/v2\/pages\/2730\/revisions\/3401"}],"wp:attachment":[{"href":"https:\/\/nexuspublicidade.pt\/index.php\/wp-json\/wp\/v2\/media?parent=2730"}],"curies":[{"name":"wp","href":"https:\/\/api.w.org\/{rel}","templated":true}]}}