{"id":3202,"date":"2018-01-26T18:47:35","date_gmt":"2018-01-26T18:47:35","guid":{"rendered":"http:\/\/themes.webdevia.com\/printing-printshop-wordpress-theme\/?page_id=3202"},"modified":"2022-05-25T17:08:42","modified_gmt":"2022-05-25T17:08:42","slug":"wide-portfolio-roxy-style","status":"publish","type":"page","link":"https:\/\/nexuspublicidade.pt\/index.php\/wide-portfolio-roxy-style\/","title":{"rendered":"Portf\u00f3lio"},"content":{"rendered":"<div data-vc-full-width=\"true\" data-vc-full-width-init=\"false\" data-vc-stretch-content=\"true\" class=\"vc_row wpb_row vc_row-fluid\"><div class=\"wpb_column vc_column_container vc_col-sm-12\" data-equalizer-watch><div class=\"wpb_wrapper\">\r\n  <ul class=\"content masque large-block-grid-4 medium-block-grid-2 small-block-grid-1 \" data-numberitem=\"4\" data-margin=\"10\">\r\n                <li class=\"grid_hover\" >\r\n        <figure class=\"effect-roxy \">\r\n          <img loading=\"lazy\" decoding=\"async\" width=\"650\" height=\"350\" src=\"https:\/\/nexuspublicidade.pt\/wp-content\/uploads\/2018\/01\/DTF.jpg\" class=\"attachment-revaldak_portfolio size-revaldak_portfolio wp-post-image\" alt=\"\" srcset=\"https:\/\/nexuspublicidade.pt\/wp-content\/uploads\/2018\/01\/DTF.jpg 650w, https:\/\/nexuspublicidade.pt\/wp-content\/uploads\/2018\/01\/DTF-300x162.jpg 300w\" sizes=\"auto, (max-width: 650px) 100vw, 650px\" \/>          <figcaption>\r\n            <div>\r\n              <h2>Impress\u00e3o DTF<\/h2>\r\n              <p>Consiste na impress\u00e3o de uma\u2026<\/p>\r\n            <\/div>\r\n            <a href=\"https:\/\/nexuspublicidade.pt\/index.php\/portfolio\/nice-projects\/\">View more<\/a>\r\n                      <\/figcaption>\r\n        <\/figure>\r\n      <\/li>\r\n      \r\n                <li class=\"grid_hover\" >\r\n        <figure class=\"effect-roxy \">\r\n          <img loading=\"lazy\" decoding=\"async\" width=\"650\" height=\"350\" src=\"https:\/\/nexuspublicidade.pt\/wp-content\/uploads\/2018\/01\/RECLAMO-LUMINOSO-2.jpg\" class=\"attachment-revaldak_portfolio size-revaldak_portfolio wp-post-image\" alt=\"\" srcset=\"https:\/\/nexuspublicidade.pt\/wp-content\/uploads\/2018\/01\/RECLAMO-LUMINOSO-2.jpg 650w, https:\/\/nexuspublicidade.pt\/wp-content\/uploads\/2018\/01\/RECLAMO-LUMINOSO-2-300x162.jpg 300w, https:\/\/nexuspublicidade.pt\/wp-content\/uploads\/2018\/01\/RECLAMO-LUMINOSO-2-18x10.jpg 18w\" sizes=\"auto, (max-width: 650px) 100vw, 650px\" \/>          <figcaption>\r\n            <div>\r\n              <h2>Letras Monobloco<\/h2>\r\n              <p>Letras ou logos constru\u00eddos individualmente\u2026<\/p>\r\n            <\/div>\r\n            <a href=\"https:\/\/nexuspublicidade.pt\/index.php\/portfolio\/cool-projects\/\">View more<\/a>\r\n                      <\/figcaption>\r\n        <\/figure>\r\n      <\/li>\r\n      \r\n                <li class=\"grid_hover\" >\r\n        <figure class=\"effect-roxy \">\r\n          <img loading=\"lazy\" decoding=\"async\" width=\"650\" height=\"350\" src=\"https:\/\/nexuspublicidade.pt\/wp-content\/uploads\/2018\/01\/PORTACHAVES.jpg\" class=\"attachment-revaldak_portfolio size-revaldak_portfolio wp-post-image\" alt=\"\" srcset=\"https:\/\/nexuspublicidade.pt\/wp-content\/uploads\/2018\/01\/PORTACHAVES.jpg 650w, https:\/\/nexuspublicidade.pt\/wp-content\/uploads\/2018\/01\/PORTACHAVES-300x162.jpg 300w, https:\/\/nexuspublicidade.pt\/wp-content\/uploads\/2018\/01\/PORTACHAVES-18x10.jpg 18w\" sizes=\"auto, (max-width: 650px) 100vw, 650px\" \/>          <figcaption>\r\n            <div>\r\n              <h2>Doming epoxy<\/h2>\r\n              <p>T\u00e9cnica consiste na aplica\u00e7\u00e3o de\u2026<\/p>\r\n            <\/div>\r\n            <a href=\"https:\/\/nexuspublicidade.pt\/index.php\/portfolio\/morbi-non-sem-a-lacus-porta-5\/\">View more<\/a>\r\n                      <\/figcaption>\r\n        <\/figure>\r\n      <\/li>\r\n      \r\n                <li class=\"grid_hover\" >\r\n        <figure class=\"effect-roxy \">\r\n          <img loading=\"lazy\" decoding=\"async\" width=\"650\" height=\"350\" src=\"https:\/\/nexuspublicidade.pt\/wp-content\/uploads\/2018\/01\/RECLAMO-EXTERIOR.jpg\" class=\"attachment-revaldak_portfolio size-revaldak_portfolio wp-post-image\" alt=\"\" srcset=\"https:\/\/nexuspublicidade.pt\/wp-content\/uploads\/2018\/01\/RECLAMO-EXTERIOR.jpg 650w, https:\/\/nexuspublicidade.pt\/wp-content\/uploads\/2018\/01\/RECLAMO-EXTERIOR-300x162.jpg 300w, https:\/\/nexuspublicidade.pt\/wp-content\/uploads\/2018\/01\/RECLAMO-EXTERIOR-18x10.jpg 18w\" sizes=\"auto, (max-width: 650px) 100vw, 650px\" \/>          <figcaption>\r\n            <div>\r\n              <h2>Reclamos Luminosos<\/h2>\r\n              <p>Reclamo com frente em tela,\u00a0a\u2026<\/p>\r\n            <\/div>\r\n            <a href=\"https:\/\/nexuspublicidade.pt\/index.php\/portfolio\/morbi-non-sem-a-lacus-porta-4\/\">View more<\/a>\r\n                      <\/figcaption>\r\n        <\/figure>\r\n      <\/li>\r\n      \r\n                <li class=\"grid_hover\" >\r\n        <figure class=\"effect-roxy \">\r\n          <img loading=\"lazy\" decoding=\"async\" width=\"650\" height=\"350\" src=\"https:\/\/nexuspublicidade.pt\/wp-content\/uploads\/2015\/05\/IMPRESSAO-DIRETA-PVC.jpg\" class=\"attachment-revaldak_portfolio size-revaldak_portfolio wp-post-image\" alt=\"\" srcset=\"https:\/\/nexuspublicidade.pt\/wp-content\/uploads\/2015\/05\/IMPRESSAO-DIRETA-PVC.jpg 650w, https:\/\/nexuspublicidade.pt\/wp-content\/uploads\/2015\/05\/IMPRESSAO-DIRETA-PVC-300x162.jpg 300w, https:\/\/nexuspublicidade.pt\/wp-content\/uploads\/2015\/05\/IMPRESSAO-DIRETA-PVC-18x10.jpg 18w\" sizes=\"auto, (max-width: 650px) 100vw, 650px\" \/>          <figcaption>\r\n            <div>\r\n              <h2>Impress\u00e3o UV<\/h2>\r\n              <p>Apresenta grandes vantagens tais como\u2026<\/p>\r\n            <\/div>\r\n            <a href=\"https:\/\/nexuspublicidade.pt\/index.php\/portfolio\/nice-project\/\">View more<\/a>\r\n                      <\/figcaption>\r\n        <\/figure>\r\n      <\/li>\r\n      \r\n                <li class=\"grid_hover\" >\r\n        <figure class=\"effect-roxy \">\r\n          <img loading=\"lazy\" decoding=\"async\" width=\"650\" height=\"350\" src=\"https:\/\/nexuspublicidade.pt\/wp-content\/uploads\/2015\/05\/DECORACAO-VIATURAS-2.jpg\" class=\"attachment-revaldak_portfolio size-revaldak_portfolio wp-post-image\" alt=\"\" srcset=\"https:\/\/nexuspublicidade.pt\/wp-content\/uploads\/2015\/05\/DECORACAO-VIATURAS-2.jpg 650w, https:\/\/nexuspublicidade.pt\/wp-content\/uploads\/2015\/05\/DECORACAO-VIATURAS-2-300x162.jpg 300w, https:\/\/nexuspublicidade.pt\/wp-content\/uploads\/2015\/05\/DECORACAO-VIATURAS-2-18x10.jpg 18w\" sizes=\"auto, (max-width: 650px) 100vw, 650px\" \/>          <figcaption>\r\n            <div>\r\n              <h2>Decora\u00e7\u00e3o de Viaturas<\/h2>\r\n              <p>Com a utiliza\u00e7\u00e3o de vinil\u2026<\/p>\r\n            <\/div>\r\n            <a href=\"https:\/\/nexuspublicidade.pt\/index.php\/portfolio\/cool-project\/\">View more<\/a>\r\n                      <\/figcaption>\r\n        <\/figure>\r\n      <\/li>\r\n      \r\n                <li class=\"grid_hover\" >\r\n        <figure class=\"effect-roxy \">\r\n          <img loading=\"lazy\" decoding=\"async\" width=\"650\" height=\"350\" src=\"https:\/\/nexuspublicidade.pt\/wp-content\/uploads\/2015\/05\/BRINDE-2.jpg\" class=\"attachment-revaldak_portfolio size-revaldak_portfolio wp-post-image\" alt=\"\" srcset=\"https:\/\/nexuspublicidade.pt\/wp-content\/uploads\/2015\/05\/BRINDE-2.jpg 650w, https:\/\/nexuspublicidade.pt\/wp-content\/uploads\/2015\/05\/BRINDE-2-300x162.jpg 300w, https:\/\/nexuspublicidade.pt\/wp-content\/uploads\/2015\/05\/BRINDE-2-18x10.jpg 18w\" sizes=\"auto, (max-width: 650px) 100vw, 650px\" \/>          <figcaption>\r\n            <div>\r\n              <h2>Personaliza\u00e7\u00e3o de canetas<\/h2>\r\n              <p>As t\u00e9cnicas de personaliza\u00e7\u00e3o est\u00e3o\u2026<\/p>\r\n            <\/div>\r\n            <a href=\"https:\/\/nexuspublicidade.pt\/index.php\/portfolio\/awesome-projects\/\">View more<\/a>\r\n                      <\/figcaption>\r\n        <\/figure>\r\n      <\/li>\r\n      \r\n                <li class=\"grid_hover\" >\r\n        <figure class=\"effect-roxy \">\r\n          <img loading=\"lazy\" decoding=\"async\" width=\"650\" height=\"350\" src=\"https:\/\/nexuspublicidade.pt\/wp-content\/uploads\/2015\/05\/TROFEU.jpg\" class=\"attachment-revaldak_portfolio size-revaldak_portfolio wp-post-image\" alt=\"\" srcset=\"https:\/\/nexuspublicidade.pt\/wp-content\/uploads\/2015\/05\/TROFEU.jpg 650w, https:\/\/nexuspublicidade.pt\/wp-content\/uploads\/2015\/05\/TROFEU-300x162.jpg 300w, https:\/\/nexuspublicidade.pt\/wp-content\/uploads\/2015\/05\/TROFEU-18x10.jpg 18w\" sizes=\"auto, (max-width: 650px) 100vw, 650px\" \/>          <figcaption>\r\n            <div>\r\n              <h2>Trof\u00e9u<\/h2>\r\n              <p>Corte e grava\u00e7\u00e3o a laser\u2026<\/p>\r\n            <\/div>\r\n            <a href=\"https:\/\/nexuspublicidade.pt\/index.php\/portfolio\/aenean-auctor-laoreet-2\/\">View more<\/a>\r\n                      <\/figcaption>\r\n        <\/figure>\r\n      <\/li>\r\n      \r\n                <li class=\"grid_hover\" >\r\n        <figure class=\"effect-roxy \">\r\n          <img loading=\"lazy\" decoding=\"async\" width=\"650\" height=\"350\" src=\"https:\/\/nexuspublicidade.pt\/wp-content\/uploads\/2015\/05\/IMPRESSAO-GRANDES-FORMATOS.jpg\" class=\"attachment-revaldak_portfolio size-revaldak_portfolio wp-post-image\" alt=\"\" srcset=\"https:\/\/nexuspublicidade.pt\/wp-content\/uploads\/2015\/05\/IMPRESSAO-GRANDES-FORMATOS.jpg 650w, https:\/\/nexuspublicidade.pt\/wp-content\/uploads\/2015\/05\/IMPRESSAO-GRANDES-FORMATOS-300x162.jpg 300w, https:\/\/nexuspublicidade.pt\/wp-content\/uploads\/2015\/05\/IMPRESSAO-GRANDES-FORMATOS-18x10.jpg 18w\" sizes=\"auto, (max-width: 650px) 100vw, 650px\" \/>          <figcaption>\r\n            <div>\r\n              <h2>IMPRESS\u00c3O DE GRANDES FORMATOS<\/h2>\r\n              <p>A Impress\u00e3o Digital \u00e9 uma\u2026<\/p>\r\n            <\/div>\r\n            <a href=\"https:\/\/nexuspublicidade.pt\/index.php\/portfolio\/brandon-smith-2\/\">View more<\/a>\r\n                      <\/figcaption>\r\n        <\/figure>\r\n      <\/li>\r\n      \r\n                <li class=\"grid_hover\" >\r\n        <figure class=\"effect-roxy \">\r\n          <img loading=\"lazy\" decoding=\"async\" width=\"650\" height=\"350\" src=\"https:\/\/nexuspublicidade.pt\/wp-content\/uploads\/2015\/05\/DECORACAO-VIATURAS-1.jpg\" class=\"attachment-revaldak_portfolio size-revaldak_portfolio wp-post-image\" alt=\"\" srcset=\"https:\/\/nexuspublicidade.pt\/wp-content\/uploads\/2015\/05\/DECORACAO-VIATURAS-1.jpg 650w, https:\/\/nexuspublicidade.pt\/wp-content\/uploads\/2015\/05\/DECORACAO-VIATURAS-1-300x162.jpg 300w, https:\/\/nexuspublicidade.pt\/wp-content\/uploads\/2015\/05\/DECORACAO-VIATURAS-1-18x10.jpg 18w\" sizes=\"auto, (max-width: 650px) 100vw, 650px\" \/>          <figcaption>\r\n            <div>\r\n              <h2>Decora\u00e7\u00e3o de viaturas<\/h2>\r\n              <p>Com a utiliza\u00e7\u00e3o de vinil\u2026<\/p>\r\n            <\/div>\r\n            <a href=\"https:\/\/nexuspublicidade.pt\/index.php\/portfolio\/morbi-non-sem-a-lacus-porta-3\/\">View more<\/a>\r\n                      <\/figcaption>\r\n        <\/figure>\r\n      <\/li>\r\n      \r\n                <li class=\"grid_hover\" >\r\n        <figure class=\"effect-roxy \">\r\n          <img loading=\"lazy\" decoding=\"async\" width=\"650\" height=\"350\" src=\"https:\/\/nexuspublicidade.pt\/wp-content\/uploads\/2015\/05\/MONOBLOCO-2.jpg\" class=\"attachment-revaldak_portfolio size-revaldak_portfolio wp-post-image\" alt=\"\" srcset=\"https:\/\/nexuspublicidade.pt\/wp-content\/uploads\/2015\/05\/MONOBLOCO-2.jpg 650w, https:\/\/nexuspublicidade.pt\/wp-content\/uploads\/2015\/05\/MONOBLOCO-2-300x162.jpg 300w, https:\/\/nexuspublicidade.pt\/wp-content\/uploads\/2015\/05\/MONOBLOCO-2-18x10.jpg 18w\" sizes=\"auto, (max-width: 650px) 100vw, 650px\" \/>          <figcaption>\r\n            <div>\r\n              <h2>Letras Monobloco<\/h2>\r\n              <p>Letras ou logos constru\u00eddos individualmente\u2026<\/p>\r\n            <\/div>\r\n            <a href=\"https:\/\/nexuspublicidade.pt\/index.php\/portfolio\/morbi-non-sem-a-lacus-porta-2\/\">View more<\/a>\r\n                      <\/figcaption>\r\n        <\/figure>\r\n      <\/li>\r\n      \r\n                <li class=\"grid_hover\" >\r\n        <figure class=\"effect-roxy \">\r\n          <img loading=\"lazy\" decoding=\"async\" width=\"650\" height=\"350\" src=\"https:\/\/nexuspublicidade.pt\/wp-content\/uploads\/2022\/05\/DESIGN.jpg\" class=\"attachment-revaldak_portfolio size-revaldak_portfolio wp-post-image\" alt=\"\" srcset=\"https:\/\/nexuspublicidade.pt\/wp-content\/uploads\/2022\/05\/DESIGN.jpg 650w, https:\/\/nexuspublicidade.pt\/wp-content\/uploads\/2022\/05\/DESIGN-300x162.jpg 300w\" sizes=\"auto, (max-width: 650px) 100vw, 650px\" \/>          <figcaption>\r\n            <div>\r\n              <h2>Design Gr\u00e1fico<\/h2>\r\n              <p>Desenvolvemos solu\u00e7\u00f5es criativas e inovadoras\u2026<\/p>\r\n            <\/div>\r\n            <a href=\"https:\/\/nexuspublicidade.pt\/index.php\/portfolio\/morbi-non-sem-a-lacus-porta\/\">View more<\/a>\r\n                      <\/figcaption>\r\n        <\/figure>\r\n      <\/li>\r\n      \r\n      <\/ul>\r\n  \r\r\r\r\r<div class=\"revaldak_empty_space\" data-heightmobile=\"110\" data-heighttablet=\"60\" data-heightdesktop=\"120\">\r\r\r\r<\/div>\r\r      \r\r\r\r\r\r\r\r        \r\r      \r\r    <\/div><\/div><\/div><div class=\"vc_row-full-width vc_clearfix\"><\/div>\n","protected":false},"excerpt":{"rendered":"Desenvolvemos solu\u00e7\u00f5es criativas e inovadoras adaptadas \u00e0s necessidades dos clientes. O Design provoca emo\u00e7\u00f5es, cria experi\u00eancias, conta hist\u00f3rias, d\u00e1 personalidade e vida \u00e0s marcas.","protected":false},"author":1,"featured_media":0,"parent":0,"menu_order":0,"comment_status":"closed","ping_status":"closed","template":"","meta":{"footnotes":""},"class_list":["post-3202","page","type-page","status-publish","hentry"],"_links":{"self":[{"href":"https:\/\/nexuspublicidade.pt\/index.php\/wp-json\/wp\/v2\/pages\/3202","targetHints":{"allow":["GET"]}}],"collection":[{"href":"https:\/\/nexuspublicidade.pt\/index.php\/wp-json\/wp\/v2\/pages"}],"about":[{"href":"https:\/\/nexuspublicidade.pt\/index.php\/wp-json\/wp\/v2\/types\/page"}],"author":[{"embeddable":true,"href":"https:\/\/nexuspublicidade.pt\/index.php\/wp-json\/wp\/v2\/users\/1"}],"replies":[{"embeddable":true,"href":"https:\/\/nexuspublicidade.pt\/index.php\/wp-json\/wp\/v2\/comments?post=3202"}],"version-history":[{"count":1,"href":"https:\/\/nexuspublicidade.pt\/index.php\/wp-json\/wp\/v2\/pages\/3202\/revisions"}],"predecessor-version":[{"id":3361,"href":"https:\/\/nexuspublicidade.pt\/index.php\/wp-json\/wp\/v2\/pages\/3202\/revisions\/3361"}],"wp:attachment":[{"href":"https:\/\/nexuspublicidade.pt\/index.php\/wp-json\/wp\/v2\/media?parent=3202"}],"curies":[{"name":"wp","href":"https:\/\/api.w.org\/{rel}","templated":true}]}}